{"id":11600,"date":"2023-03-12T23:47:28","date_gmt":"2023-03-12T21:47:28","guid":{"rendered":"https:\/\/international-mwbk.de\/?page_id=11600"},"modified":"2023-03-12T23:48:18","modified_gmt":"2023-03-12T21:48:18","slug":"ausbildung-weltweit","status":"publish","type":"page","link":"https:\/\/international-mwbk.de\/?page_id=11600","title":{"rendered":"Ausbildung Weltweit"},"content":{"rendered":"\t\t<div data-elementor-type=\"wp-page\" data-elementor-id=\"11600\" class=\"elementor elementor-11600\" data-elementor-post-type=\"page\">\n\t\t\t\t\t\t<section class=\"elementor-section elementor-top-section elementor-element elementor-element-612a3710 elementor-section-boxed elementor-section-height-default elementor-section-height-default elementor-invisible\" data-id=\"612a3710\" data-element_type=\"section\" data-settings=\"{&quot;background_background&quot;:&quot;classic&quot;,&quot;animation&quot;:&quot;fadeIn&quot;}\">\n\t\t\t\t\t\t\t<div class=\"elementor-background-overlay\"><\/div>\n\t\t\t\t\t\t\t<div class=\"elementor-container elementor-column-gap-default\">\n\t\t\t\t\t<div class=\"elementor-column elementor-col-100 elementor-top-column elementor-element elementor-element-7f55d587\" data-id=\"7f55d587\" data-element_type=\"column\">\n\t\t\t<div class=\"elementor-widget-wrap elementor-element-populated\">\n\t\t\t\t\t\t<div class=\"elementor-element elementor-element-57265f63 elementor-invisible elementor-widget elementor-widget-heading\" data-id=\"57265f63\" data-element_type=\"widget\" data-settings=\"{&quot;_animation&quot;:&quot;fadeInDown&quot;}\" data-widget_type=\"heading.default\">\n\t\t\t\t<div class=\"elementor-widget-container\">\n\t\t\t\t\t<h1 class=\"elementor-heading-title elementor-size-default\">Ausbildung weltweit<\/h1>\t\t\t\t<\/div>\n\t\t\t\t<\/div>\n\t\t\t\t\t<\/div>\n\t\t<\/div>\n\t\t\t\t\t<\/div>\n\t\t<\/section>\n\t\t\t\t<section class=\"elementor-section elementor-top-section elementor-element elementor-element-52472ab3 elementor-section-content-middle elementor-section-boxed elementor-section-height-default elementor-section-height-default\" data-id=\"52472ab3\" data-element_type=\"section\">\n\t\t\t\t\t\t<div class=\"elementor-container elementor-column-gap-default\">\n\t\t\t\t\t<div class=\"elementor-column elementor-col-50 elementor-top-column elementor-element elementor-element-34dacaac\" data-id=\"34dacaac\" data-element_type=\"column\">\n\t\t\t<div class=\"elementor-widget-wrap elementor-element-populated\">\n\t\t\t\t\t\t<div class=\"elementor-element elementor-element-b8824a1 elementor-widget elementor-widget-text-editor\" data-id=\"b8824a1\" data-element_type=\"widget\" data-widget_type=\"text-editor.default\">\n\t\t\t\t<div class=\"elementor-widget-container\">\n\t\t\t\t\t\t\t\t\t<p>AusbildungWeltweit ist ein Programm der Bundesregierung zur F\u00f6rderung von Praktika von Auszubildenden ins <a href=\"https:\/\/www.ausbildung-weltweit.de\/SharedDocs\/Downloads\/de\/dateien\/foerdersaetze_ausbildungweltweit.pdf?__blob=publicationFile&amp;v=1\">nicht-EU Ausland<\/a> (z.B. USA, UK, Japan).<\/p><p>Anders als bei den Mobilit\u00e4ten \u00fcber Erasmus+ ist ein gef\u00f6rdertes Praktikum \u00fcber <a href=\"https:\/\/www.ausbildung-weltweit.de\/de\/home\/home.html\">AusbildungWeltweit<\/a> nur w\u00e4hrend der Ausbildungszeit m\u00f6glich.<\/p><p><b>Was zu tun ist:<\/b><\/p><ol><li>Nehmen Sie <a href=\"mailto:europa@mwbk.nrw.schule?subject=Interesse%20AusbildungWeltweit\">Kontakt<\/a> mit uns auf.<\/li><li>Sprechen Sie mit Ihrem Ausbildungsbetrieb.<\/li><li>Suchen Sie sich einen Praktikumsplatz und eine Unterkunft. Wir unterst\u00fctzen Sie gerne.<\/li><li>Reichen Sie <a href=\"https:\/\/www.ausbildung-weltweit.de\/de\/foerderung\/antrag-stellen\/antrag-stellen.html\"><strong>fristgerecht<\/strong><\/a> alle notwendigen Unterlagen ein.<\/li><li>Wenn alle Unterlagen vollst\u00e4ndig vorliegen, k\u00f6nnen wir die F\u00f6rderung f\u00fcr Sie beantragen.<\/li><\/ol>\t\t\t\t\t\t\t\t<\/div>\n\t\t\t\t<\/div>\n\t\t\t\t\t<\/div>\n\t\t<\/div>\n\t\t\t\t<div class=\"elementor-column elementor-col-50 elementor-top-column elementor-element elementor-element-13fcd3c9\" data-id=\"13fcd3c9\" data-element_type=\"column\">\n\t\t\t<div class=\"elementor-widget-wrap elementor-element-populated\">\n\t\t\t\t\t\t<div class=\"elementor-element elementor-element-3b6bdc82 elementor-widget elementor-widget-image\" data-id=\"3b6bdc82\" data-element_type=\"widget\" data-widget_type=\"image.default\">\n\t\t\t\t<div class=\"elementor-widget-container\">\n\t\t\t\t\t\t\t\t\t\t\t\t\t\t\t<img fetchpriority=\"high\" decoding=\"async\" width=\"625\" height=\"410\" src=\"https:\/\/international-mwbk.de\/wp-content\/uploads\/2023\/03\/pexels-andrea-piacquadio-3769138-1-1024x671.jpeg\" class=\"attachment-large size-large wp-image-11602\" alt=\"\" srcset=\"https:\/\/international-mwbk.de\/wp-content\/uploads\/2023\/03\/pexels-andrea-piacquadio-3769138-1-1024x671.jpeg 1024w, https:\/\/international-mwbk.de\/wp-content\/uploads\/2023\/03\/pexels-andrea-piacquadio-3769138-1-300x197.jpeg 300w, https:\/\/international-mwbk.de\/wp-content\/uploads\/2023\/03\/pexels-andrea-piacquadio-3769138-1-768x503.jpeg 768w, https:\/\/international-mwbk.de\/wp-content\/uploads\/2023\/03\/pexels-andrea-piacquadio-3769138-1-624x409.jpeg 624w, https:\/\/international-mwbk.de\/wp-content\/uploads\/2023\/03\/pexels-andrea-piacquadio-3769138-1.jpeg 1280w\" sizes=\"(max-width: 625px) 100vw, 625px\" \/>\t\t\t\t\t\t\t\t\t\t\t\t\t\t\t<\/div>\n\t\t\t\t<\/div>\n\t\t\t\t\t<\/div>\n\t\t<\/div>\n\t\t\t\t\t<\/div>\n\t\t<\/section>\n\t\t\t\t<\/div>\n\t\t","protected":false},"excerpt":{"rendered":"<p>Ausbildung weltweit AusbildungWeltweit ist ein Programm der Bundesregierung zur F\u00f6rderung von Praktika von Auszubildenden ins nicht-EU Ausland (z.B. USA, UK, Japan). Anders als bei den Mobilit\u00e4ten \u00fcber Erasmus+ ist ein gef\u00f6rdertes Praktikum \u00fcber AusbildungWeltweit nur w\u00e4hrend der Ausbildungszeit m\u00f6glich. Was zu tun ist: Nehmen Sie Kontakt mit uns auf. Sprechen Sie mit Ihrem Ausbildungsbetrieb. Suchen [&hellip;]<\/p>\n","protected":false},"author":325,"featured_media":0,"parent":0,"menu_order":0,"comment_status":"closed","ping_status":"closed","template":"","meta":{"footnotes":""},"_links":{"self":[{"href":"https:\/\/international-mwbk.de\/index.php?rest_route=\/wp\/v2\/pages\/11600"}],"collection":[{"href":"https:\/\/international-mwbk.de\/index.php?rest_route=\/wp\/v2\/pages"}],"about":[{"href":"https:\/\/international-mwbk.de\/index.php?rest_route=\/wp\/v2\/types\/page"}],"author":[{"embeddable":true,"href":"https:\/\/international-mwbk.de\/index.php?rest_route=\/wp\/v2\/users\/325"}],"replies":[{"embeddable":true,"href":"https:\/\/international-mwbk.de\/index.php?rest_route=%2Fwp%2Fv2%2Fcomments&post=11600"}],"version-history":[{"count":4,"href":"https:\/\/international-mwbk.de\/index.php?rest_route=\/wp\/v2\/pages\/11600\/revisions"}],"predecessor-version":[{"id":11606,"href":"https:\/\/international-mwbk.de\/index.php?rest_route=\/wp\/v2\/pages\/11600\/revisions\/11606"}],"wp:attachment":[{"href":"https:\/\/international-mwbk.de\/index.php?rest_route=%2Fwp%2Fv2%2Fmedia&parent=11600"}],"curies":[{"name":"wp","href":"https:\/\/api.w.org\/{rel}","templated":true}]}}